
Suppose 2*d + 157 = 5*v - 180, -d = -4. Suppose 0 = 3*n - 0*n + 2*o - 347, 2*o + 573 = 5*n. Calculate the greatest common divisor of n and v.
23
Let t = -4477 - -4495. What is the greatest common divisor of 3357 and t?
9
Suppose -39 = -3*b - m, -3*b - b = m - 51. Suppose -70*s + 1613 = -907. What is the greatest common factor of s and b?
12
Suppose 3*y - 64 = -6*r + 4*r, 0 = -2*r + 4. Suppose 6*w - w = y. Suppose 13 = 2*j - 3*h, 0*j - 3*h + 71 = w*j. What is the highest common divisor of 56 and j?
14
Let v = 85044 + -60173. Calculate the highest common divisor of 17 and v.
17
Let s(x) = 7*x + 104. Let n be s(24). What is the highest common divisor of 32 and n?
16
Let g be (0/(-1) + -18)*(-450)/(7 + -4). What is the highest common factor of g and 288?
36
Suppose -4*s - 92 = l + 44, -131 = l + 3*s. Let r = l - -197. What is the highest common factor of r and 54?
27
Let a = 200 + -92. Let k(y) = 10*y - 38. Suppose -5*r - 8*l + 4*l = -29, 4*r + 3*l - 23 = 0. Let z be k(r). Calculate the highest common factor of a and z.
12
Let a be ((-4)/1)/((-16)/24). Let m be -4*-30*a/48. Let p = -15 - -25. Calculate the highest common divisor of p and m.
5
Let g(c) = -c**2 - 4*c + 6. Let x be g(0). Let u(r) = r**2 + 5*r - 11. Let q be u(x). Suppose -4*y = -13 - 75. Calculate the greatest common divisor of q and y.
11
Suppose -6*o - 651 = -13*o. What is the greatest common factor of o and 899?
31
Suppose -3*w = 4*l - 28, 4*l = -2*w + 9 + 7. Calculate the highest common divisor of w and 1920.
12
Let o be 192/4 - (-2)/(-1). Suppose -2*l = 5*q - 53, 4*q = 4*l - o - 74. Calculate the greatest common factor of 551 and l.
29
Suppose -2*h - h = 0. Suppose -28*v + 12*v + 1376 = h. What is the highest common divisor of v and 129?
43
Let u be ((-669480)/(-156))/(-10) - (-4)/26. Let q = 516 + u. What is the highest common divisor of 58 and q?
29
Suppose 0 = -u + 65 - 11. Let z be (8/(128/36))/(1/(-16)). Let w be -7*(z/21)/2. What is the highest common divisor of w and u?
6
Let s be (175/(-40) - -4) + 12163151/616. Calculate the highest common divisor of s and 33.
11
Let u(a) = 10*a - 10. Let w be u(-13). Let n = 143 + w. Let m be (26*(4 - n))/(-2 + 4). Calculate the greatest common factor of 13 and m.
13
Suppose 4*y = 4*u - 2004, -4*u + 3*y - 1189 = -3189. Let z = 5923 - 5902. Let q be (3/(-9))/(-1) + u/z. Calculate the highest common divisor of 12 and q.
12
Suppose -6*y + 220 = 5*y. Suppose 0 = 9*i - 975 - 1005. What is the highest common factor of y and i?
20
Let s be (45/(-18) + 2)*-8. Suppose 4*b = -s*u + 296, 10 = 5*u - 0. Calculate the highest common factor of b and 612.
36
Let w(g) = 3*g**2 + 52*g + 33. Suppose 5*u = -6*n + 9*n + 76, -5*u = -25. Let h be w(n). Calculate the highest common factor of h and 48.
16
Let v = 100 - -137. What is the greatest common factor of v and 1027?
79
Let f(i) = i - 77. Let c be f(-15). Let h be 35/(-245) - c/7. Let k(u) = 28*u**2 + 4*u - 3. Let n be k(2). What is the highest common factor of h and n?
13
Suppose 12*v - 1116 = 1233 - 117. What is the highest common factor of 30 and v?
6
Suppose 0 = 2*d - 0*d. Suppose 24 = 3*q - d*q. Suppose 9 = 2*u + r, -u - 2*r + 12 = 6. What is the highest common divisor of q and u?
4
Let h be 5/2*(299 - 273). Suppose 4 + 1 = l. Calculate the highest common factor of l and h.
5
Let v = 7987 - -4627. What is the highest common factor of 238 and v?
238
Suppose 10 + 455 = l. Suppose 182*j = 183*j - v - 20, 0 = -3*j - 3*v + 120. What is the greatest common factor of l and j?
15
Suppose 2*b - a - 3*a = 90, 0 = 2*b - a - 69. What is the greatest common divisor of 19251 and b?
31
Let s = -1028 + 5856. Calculate the highest common divisor of 68 and s.
68
Let n(m) = -m**3 + 2*m + 57. Let h = 15 + -15. Let k be n(h). Suppose 3*t = k + 69. Calculate the highest common factor of 42 and t.
42
Let p(x) = 13*x**2 + 24*x + 57. Let s be p(-2). What is the highest common factor of s and 4941?
61
Let a(t) = -t**3 - 2*t**2 + 3*t + 5. Let j be a(-3). Suppose j*g + 3*l - 551 = 0, 2*l = 4*g - 543 + 89. Calculate the highest common factor of 7 and g.
7
Let s = -15 + 18. Let i = -70 - -69. Let w = 23 - i. Calculate the highest common factor of s and w.
3
Suppose 0 = 3*x + 15*x - 1368. Let t = x - 53. What is the highest common factor of 92 and t?
23
Let c = -7500 - -7568. Suppose 0 = 5*i - i + 12, i = -5*n + 677. Calculate the greatest common factor of c and n.
68
Let q(w) = -196*w + 1712. Let x be q(7). Calculate the greatest common divisor of 16 and x.
4
Let x(m) = 47*m - 5. Let j be x(1). Let f be (-2)/12 + 2947/42. Calculate the highest common factor of j and f.
14
Suppose s - k = 2237, 4*s - 145 = -4*k + 8859. Calculate the greatest common factor of 792 and s.
132
Suppose 0 = -r + 1 - 2, -7 = -2*v + 3*r. Suppose -5*b + 92 = 2*m, -3*m + 10 - v = b. Calculate the highest common divisor of 20 and b.
20
Suppose a + 3*c - 424 = 0, -5*c - 574 - 274 = -2*a. What is the greatest common factor of 2 and a?
2
Let h = 3420 + -3418. Calculate the greatest common factor of 614 and h.
2
Suppose -32*n + 115 = -1325. Let l be 4056/10 + 12/(-20). What is the highest common divisor of l and n?
45
Suppose -4*q + 21 = 3*q. Let l(k) = 15 - 8*k - k + k**3 - 7*k**q + 5*k**3 - 10*k**2. Let p be l(-9). What is the highest common factor of 9 and p?
3
Let q(p) = 5*p**2 - 1. Let m be q(-1). Suppose -m*z + w + 46 = 0, w + 37 = 3*z - w. Let r = 113 - 69. Calculate the greatest common factor of z and r.
11
Suppose 4*h - 47*r = -52*r + 428, 5*r = 5*h - 580. What is the highest common divisor of h and 6692?
28
Let l be (-16)/((-2)/5 - 0). Suppose 798 = -16*o - 17970. Let n = -1123 - o. Calculate the highest common factor of l and n.
10
Let t = -368 - -372. Suppose -t*x - 682 = -1050. Calculate the highest common factor of x and 736.
92
Let t be (2/3 - (-913840)/144) + (-10)/(-45). Calculate the highest common divisor of t and 11.
11
Let l(c) = 33*c**3 + 26*c**2 - 39*c - 50. Let q be l(9). What is the greatest common divisor of 22 and q?
22
Let p(c) = 18*c + 2*c**2 - 15*c + 9*c - 11. Let k be p(6). Calculate the highest common factor of k and 19.
19
Let w = 158 + -60. Let h = -93 + w. Let m be (-1 - (-2 - h))*2. What is the greatest common factor of 132 and m?
12
Suppose 0 = -p + 3*t + 16 - 1, -25 = 3*p + 5*t. Suppose 0*b - 2*b + 64 = p. What is the greatest common divisor of 16 and b?
16
Let l = -3209 + 4009. What is the highest common divisor of 20 and l?
20
Let p(x) = -x**3 + 5*x**2 - 11*x + 107. Let d be p(6). Calculate the highest common divisor of 1985 and d.
5
Suppose -5*b + 24 = -b. Suppose -2*y + 92 = 2*u - b*y, 5*y = -20. Let a be 4/12*0/2 - -57. What is the highest common factor of u and a?
19
Let r(a) = 6576*a**3 + 7*a**2 + 6*a - 5. Let p be r(1). What is the highest common factor of p and 32?
8
Let v(a) = 3*a**3. Let x(s) = s**3 + 5*s**2 + 6*s + 2. Let h = 8 + -11. Let c be x(h). Let u be v(c). What is the greatest common divisor of u and 3?
3
Let b = -15173 - -15262. What is the highest common factor of 41029 and b?
89
Suppose 2*v + 5*i = -1469, 3*v = -4*i - 2767 + 560. Let x = 1136 + v. Calculate the greatest common factor of x and 21.
21
Let i be ((-160)/64)/((-20)/16). Suppose 3*j = 4*l + 7, 3 = 4*j + l - 0. Calculate the highest common factor of i and j.
1
Suppose 0 = 44*y + 6798 - 12474. What is the greatest common factor of 30 and y?
3
Suppose 26 = -n + 2*v, -2*n + 4*n + 57 = -v. Let m be 21/n - (-283)/4. Calculate the greatest common divisor of m and 175.
35
Let d = -3535 - -4371. What is the greatest common divisor of d and 132?
44
Let a = 61 + -3. Let m = a - 18. Let z be (-3 + (-236)/(-12))*12/10. Calculate the highest common factor of m and z.
20
Let w = -32365 - -67113. What is the highest common factor of w and 73?
73
Let n(g) = -113*g + 220. Let o be n(-4). Calculate the greatest common divisor of o and 714.
42
Let f(b) = b - 19. Let s be 9/18 + 637/14. Let t be f(s). Calculate the highest common factor of 15 and t.
3
Suppose -15 = k + 4*s - 2, 0 = -3*k + 4*s - 39. Let u = k - -37. Suppose -5*l + 48 = -252. Calculate the highest common factor of u and l.
12
Let f(p) = -p**2 - 20*p - 6. Let k be f(-17). Suppose k = 48*s - 43*s. Suppose -168 = -s*n - 3*n. What is the highest common factor of n and 126?
14
Suppose 10*y - 13